common divisor of 5886 and 8100.
54
Calculate the greatest common divisor of 11216 and 2.
2
What is the greatest common divisor of 2108218 and 28?
14
Calculate the greatest common divisor of 66348 and 48.
12
What is the greatest common divisor of 8239 and 385?
77
What is the greatest common factor of 282593 and 6130?
613
Calculate the highest common factor of 78 and 27372.
6
What is the highest common factor of 572 and 1529242?
286
Calculate the highest common factor of 282 and 16215.
141
Calculate the greatest common divisor of 1407080 and 696.
232
What is the greatest common factor of 26748 and 96?
12
Calculate the highest common divisor of 4794 and 4512.
282
Calculate the greatest common divisor of 56 and 124271.
7
What is the highest common divisor of 29955 and 45?
15
What is the greatest common factor of 222 and 1454692?
74
What is the greatest common factor of 78 and 395070?
78
What is the greatest common divisor of 2862783 and 1617?
231
What is the highest common factor of 3416 and 2576?
56
What is the greatest common factor of 1312 and 2368?
32
What is the greatest common divisor of 40 and 11355?
5
What is the greatest common divisor of 1345 and 2?
1
Calculate the greatest common factor of 10187621 and 709.
709
Calculate the greatest common divisor of 588 and 77763.
147
What is the highest common factor of 182 and 13572?
26
Calculate the highest common divisor of 3 and 623541.
3
What is the highest common divisor of 78 and 59774?
26
What is the greatest common factor of 780 and 45380?
20
Calculate the greatest common factor of 68172 and 468.
156
What is the highest common divisor of 1073 and 34151?
37
Calculate the highest common divisor of 30072 and 2296.
56
What is the highest common divisor of 76209 and 38703?
399
What is the highest common factor of 4 and 22392?
4
Calculate the highest common factor of 14732 and 255524.
508
Calculate the highest common factor of 7631 and 143.
13
Calculate the highest common factor of 26725 and 20311.
1069
What is the highest common divisor of 253 and 5269?
11
What is the highest common divisor of 10672 and 69?
23
What is the greatest common factor of 303 and 147?
3
What is the highest common divisor of 6588 and 63288?
108
Calculate the greatest common divisor of 108 and 57753.
27
What is the greatest common factor of 409439 and 83?
83
What is the highest common divisor of 8 and 33696?
8
Calculate the highest common factor of 844 and 17302.
422
What is the highest common divisor of 189354 and 228?
114
Calculate the highest common divisor of 192722 and 173.
173
Calculate the highest common factor of 2033 and 3021.
19
What is the highest common factor of 532813 and 43?
43
What is the highest common factor of 232 and 116290?
58
What is the greatest common factor of 217412 and 4972?
452
Calculate the highest common factor of 89238 and 19902.
642
Calculate the greatest common divisor of 6773 and 65.
13
What is the greatest common divisor of 136 and 1744744?
136
Calculate the highest common factor of 1685 and 40.
5
What is the greatest common divisor of 852000 and 34000?
2000
What is the highest common factor of 720 and 15040?
80
What is the highest common divisor of 474 and 5524707?
237
Calculate the greatest common factor of 3228 and 672.
12
What is the highest common factor of 29140 and 4030?
310
What is the highest common factor of 118036 and 2392?
92
What is the highest common divisor of 1938 and 21029?
17
Calculate the highest common divisor of 104607 and 1182.
591
Calculate the highest common factor of 41010 and 120.
30
What is the greatest common factor of 86301 and 172?
43
What is the greatest common divisor of 2610 and 6699?
87
What is the greatest common divisor of 5324 and 2508?
44
Calculate the greatest common divisor of 481912 and 1888.
472
What is the highest common factor of 736 and 33534?
46
Calculate the highest common factor of 497706 and 616.
22
Calculate the greatest common divisor of 24406 and 22.
2
What is the highest common divisor of 23657 and 246?
41
Calculate the greatest common divisor of 29288 and 4228.
28
Calculate the greatest common divisor of 255 and 12705.
15
What is the highest common divisor of 400 and 11230?
10
Calculate the highest common divisor of 14774 and 166.
166
What is the highest common factor of 15164 and 2652?
68
What is the greatest common factor of 455 and 529165?
455
What is the highest common factor of 26485 and 5?
5
Calculate the highest common divisor of 504 and 80024.
56
Calculate the highest common factor of 106 and 654391.
53
What is the highest common factor of 180 and 64920?
60
What is the greatest common factor of 2013 and 2187?
3
Calculate the greatest common divisor of 21273053 and 719.
719
What is the highest common divisor of 135177 and 30996?
861
Calculate the greatest common factor of 993017 and 18931.
1721
Calculate the highest common factor of 443233 and 35.
7
Calculate the highest common divisor of 5720337 and 899.
899
Calculate the greatest common divisor of 360 and 464904.
72
Calculate the greatest common divisor of 2565 and 28025.
95
Calculate the highest common divisor of 3526716 and 12.
12
Calculate the highest common divisor of 7 and 2527.
7
What is the highest common divisor of 321773 and 466?
233
Calculate the highest common divisor of 493344 and 18144.
864
What is the greatest common divisor of 4545 and 106353?
909
What is the greatest common factor of 966 and 1051836?
138
What is the highest common factor of 380138 and 25218?
934
Calculate the greatest common divisor of 18056 and 4884.
148
Calculate the highest common factor of 825 and 5025.
75
What is the greatest common divisor of 87451 and 4030?
403
What is the greatest common factor of 30 and 10875?
15
Calculate the greatest common factor of 5490 and 1170.
90
What is the greatest common factor of 31620 and 2880?
60
Calculate the greatest common divisor of 60528 and 3705.
39
Calculate the greatest common factor of 10584 and 33684.
84
Calculate the highest common factor of 54498 and 36039.
879
Calculate the highest common divisor of 51 and 400656.
51
Calculate the highest common divisor of 1208360 and 6120.
680
What is the greatest common divisor of 114104 and 544?
136
Calculate the highest common factor of 896564 and 2096.
524
Calculate the highest common divisor of 4496 and 432.
16
What is the highest common factor of 143 and 29653?
13
What is the highest common factor of 20 and 164275?
5
What is the highest common factor of 18046 and 14?
14
What is the greatest common divisor of 6365 and 2010?
335
Calculate the highest common factor of 280 and 334120.
40
Calculate the highest common divisor of 9776 and 1412021.
611
What is the greatest common divisor of 460 and 112930?
230
What is the highest common factor of 101559 and 291?
291
Calculate the greatest common factor of 1552 and 650482.
194
What is the highest common factor of 2943 and 3488?
109
What is the highest common divisor of 2848 and 744?
8
Calculate the greatest common divisor of 57581 and 497.
71
What is the greatest common factor of 16093 and 931?
133
Calculate the highest common divisor of 39 and 3531.
3
What is the greatest common factor of 155 and 80073?
31
Calculate the highest common factor of 7 and 1561343.
7
What is the greatest common divisor of 3735 and 141100?
415
What is the highest common divisor of 82 and 27142?
82
What is the highest common divisor of 13833 and 2862?
477
What is the greatest common divisor of 40 and 51990?
10
Calculate the highest common factor of 2376 and 49842.
54
What is the highest common divisor of 6386 and 341?
31
Calculate the greatest common factor of 27740 and 285.
95
What is the greatest common factor of 2390648 and 2032?
1016
Calculate the highest common factor of 1944 and 59.
1
Calculate the greatest common factor of 390 and 144030.
30
What is the highest common factor of 228 and 243276?
228
What is the highest common divisor of 77 and 22198?
11
Calculate the greatest common divisor of 122715 and 486.
243
Calculate the greatest common factor of 4218 and 1776.
222
What is the highest common factor of 51444 and 180?
36
What is the greatest common divisor of 5725 and 38701?
229
Calculate the greatest common divisor of 319561 and 121.
121
What is the greatest common fact